when 72931 is divided by 17925?
1231
Calculate the remainder when 157255 is divided by 1655.
30
Calculate the remainder when 3872010 is divided by 4390.
30
What is the remainder when 4650599 is divided by 20?
19
Calculate the remainder when 80759 is divided by 25259.
4982
Calculate the remainder when 10719727 is divided by 20.
7
Calculate the remainder when 3967063 is divided by 220389.
61
Calculate the remainder when 272016122 is divided by 6853.
6846
Calculate the remainder when 3522789 is divided by 216.
45
Calculate the remainder when 435886 is divided by 108941.
122
What is the remainder when 1033306 is divided by 212?
18
What is the remainder when 1181784 is divided by 260?
84
Calculate the remainder when 101102 is divided by 356.
354
What is the remainder when 30501448 is divided by 966?
964
What is the remainder when 13675 is divided by 4558?
1
What is the remainder when 12099370 is divided by 13?
10
Calculate the remainder when 36224461 is divided by 2642.
2641
Calculate the remainder when 6712627 is divided by 4159.
1
What is the remainder when 217586573 is divided by 1157?
1153
What is the remainder when 1024500 is divided by 66?
48
Calculate the remainder when 3755965 is divided by 129494.
639
What is the remainder when 10715389 is divided by 510255?
34
What is the remainder when 626415 is divided by 22?
9
Calculate the remainder when 6620918 is divided by 462.
458
Calculate the remainder when 89093 is divided by 5696.
3653
What is the remainder when 6055103 is divided by 2018361?
20
What is the remainder when 78524 is divided by 7134?
50
Calculate the remainder when 95312933 is divided by 5115.
23
What is the remainder when 28505 is divided by 1640?
625
Calculate the remainder when 8515468 is divided by 24899.
10
What is the remainder when 284148 is divided by 70?
18
What is the remainder when 571266 is divided by 502?
492
What is the remainder when 7178295 is divided by 1864?
31
What is the remainder when 1380727 is divided by 6740?
5767
What is the remainder when 226498 is divided by 674?
34
Calculate the remainder when 30858 is divided by 7173.
2166
What is the remainder when 219942 is divided by 219923?
19
What is the remainder when 391023252 is divided by 15?
12
Calculate the remainder when 192819 is divided by 691.
30
What is the remainder when 828059 is divided by 59135?
169
Calculate the remainder when 59247 is divided by 14785.
107
Calculate the remainder when 497962 is divided by 347.
17
What is the remainder when 598191787 is divided by 1738?
1733
Calculate the remainder when 85004 is divided by 21167.
336
What is the remainder when 41280 is divided by 5725?
1205
What is the remainder when 941207 is divided by 93973?
1477
Calculate the remainder when 60483054 is divided by 73.
72
What is the remainder when 2371359 is divided by 19598?
1
What is the remainder when 310048 is divided by 1522?
1082
What is the remainder when 2175913 is divided by 2288?
25
Calculate the remainder when 822735110 is divided by 38.
36
Calculate the remainder when 4380173 is divided by 336920.
213
Calculate the remainder when 1602481 is divided by 2429.
1770
What is the remainder when 590897 is divided by 196943?
68
Calculate the remainder when 13384777 is divided by 23.
19
What is the remainder when 20592506 is divided by 1470891?
32
Calculate the remainder when 16273364 is divided by 1158.
1148
Calculate the remainder when 63689 is divided by 21207.
68
What is the remainder when 292323 is divided by 155?
148
Calculate the remainder when 1455480 is divided by 132316.
4
Calculate the remainder when 778972 is divided by 10819.
4
What is the remainder when 770533 is divided by 129?
16
Calculate the remainder when 622455 is divided by 1368.
15
Calculate the remainder when 816689 is divided by 570.
449
What is the remainder when 9811 is divided by 231?
109
Calculate the remainder when 24043 is divided by 1613.
1461
What is the remainder when 41909200 is divided by 4190919?
10
What is the remainder when 973255 is divided by 324357?
184
Calculate the remainder when 44111807 is divided by 8822361.
2
What is the remainder when 18852911 is divided by 255?
251
Calculate the remainder when 46443402 is divided by 603161.
5
Calculate the remainder when 5351411 is divided by 4048.
4003
What is the remainder when 553036 is divided by 3478?
34
What is the remainder when 1837458 is divided by 18560?
18
What is the remainder when 20381324 is divided by 37954?
26
What is the remainder when 187739 is divided by 929?
81
What is the remainder when 19429939 is divided by 4849?
4845
What is the remainder when 7154676 is divided by 7154657?
19
Calculate the remainder when 232598 is divided by 25579.
2387
Calculate the remainder when 938145 is divided by 312712.
9
What is the remainder when 220964 is divided by 607?
16
Calculate the remainder when 1235510 is divided by 240.
230
What is the remainder when 2527872 is divided by 77?
39
What is the remainder when 298865 is divided by 74180?
2145
What is the remainder when 227453 is divided by 4076?
3273
Calculate the remainder when 19818215 is divided by 4.
3
Calculate the remainder when 4053953 is divided by 567.
470
Calculate the remainder when 9991366 is divided by 399654.
16
Calculate the remainder when 36381631 is divided by 1156.
1155
Calculate the remainder when 1657406 is divided by 464.
462
What is the remainder when 83027 is divided by 81746?
1281
What is the remainder when 2890426 is divided by 102?
52
What is the remainder when 337913 is divided by 710?
663
Calculate the remainder when 301041 is divided by 17465.
4136
Calculate the remainder when 1180298 is divided by 418.
284
What is the remainder when 70438 is divided by 8774?
246
Calculate the remainder when 24482391 is divided by 404.
395
What is the remainder when 70960 is divided by 651?
1
Calculate the remainder when 4842028 is divided by 16140.
28
What is the remainder when 12684377 is divided by 90?
47
Calculate the remainder when 265751 is divided by 220.
211
Calculate the remainder when 19837 is divided by 19265.
572
Calculate the remainder when 26665195 is divided by 2822.
117
Calculate the remainder when 6398 is divided by 2082.
152
What is the remainder when 10477685 is divided by 49423?
9
Calculate the remainder when 2803683 is divided by 142.
35
Calculate the remainder when 16092244 is divided by 8046122.
0
Calculate the remainder when 44657907 is divided by 114.
3
What is the remainder when 422183639 is divided by 4?
3
What is the remainder when 767987 is divided by 1235?
1052
Calculate the remainder when 101520 is divided by 1082.
894
What is the remainder when 5363284 is divided by 3153?
31
Calculate the remainder when 32645281 is divided by 238.
11
Calculate the remainder when 8981326 is divided by 2143.
13
Calculate the remainder when 206178 is divided by 25.
3
What is the remainder when 8974807 is divided by 328?
71
What is the remainder when 1284483 is divided by 67417?
3560
Calculate the remainder when 1555892 is divided by 119683.
13
What is the remainder when 4728769 is divided by 191?
182
Calculate the remainder when 7203170 is divided by 3601581.
8
What is the remainder when 2335837 is divided by 583959?
1
What is the remainder when 1076650 is divided by 489?
361
What is the remainder when 844006 is divided by 3459?
10
Calculate the remainder when 2141177 is divided by 4932.
689
Calculate the remainder when 42917514 is divided by 43.
31
What is the remainder when 7179716 is divided by 20?
16
Calculate the remainder when 6424258 is divided by 219.
112
What is the remainder when 1716901 is divided by 132062?
95
Calculate the remainder when 8235582 is divided by 3992.
86
Calculate the remainder when 26257416 is divided by 964.
948
What is the remainder when 50796509 is divided by 736?
733
Calculate the remainder when 149823 is divided by 237.
39
Calculate the remainder when 3137630 is divided by 313762.
10
Calculate the remainder when 32816774 is divided by 628.
6
What is the remainder when 938814 is divided by 5493?
5004
Calculate the remainder when 526687494 is divided by 15.
9
What is the remainder when 127874 is divided by 48?
2
Calculate the remainder when 1592050 is divided by 735.
40
Calculate the remainder when 203932319 is d